f a and 2466?
18
Suppose 10*n = -16*n + 13780. Let o be (-106*(-2)/(-4))/(-1). Calculate the greatest common factor of n and o.
53
Let m(z) = z**2 + 73*z + 21. Let x be m(-17). Let a = -926 - x. Let u = 253 - 173. Calculate the greatest common divisor of u and a.
5
Let s(t) = -4*t + 39. Let y be s(-6). Calculate the greatest common divisor of y and 35.
7
Let u be 3/10*-2 - 531/15. Let p = 99 + u. Let o = 33 + p. What is the highest common factor of o and 12?
12
Let m(k) = 135*k - 2277. Let h be m(35). Calculate the greatest common divisor of 54 and h.
18
Let m(s) = s**2 - s + 6. Let b be m(4). Let o(z) = -6 - 2 + 4 - 64*z + 3. Let h be o(-1). Calculate the highest common factor of h and b.
9
Suppose 75 = -4*u - 181. Let p be 12/18 - u/3. Suppose 924 = 25*k + 3*k. What is the greatest common divisor of p and k?
11
Suppose 0 = 4*l + 2*v - 46, 33 - 75 = -3*l - 4*v. What is the greatest common divisor of 6920 and l?
10
Let f be (-51)/((19 - 10)/(-36)). Calculate the highest common factor of f and 2499.
51
Let g(y) = -y**3 - 27*y**2 - 229*y - 7. Let q be g(-11). Calculate the highest common divisor of 306 and q.
18
Let z(k) = -4*k**3 + 5*k**2 - 2*k - 14. Let w be z(-4). Let u = -297 + w. What is the greatest common factor of 297 and u?
33
Let s be 801/534 + 66/4. Calculate the greatest common factor of 2502 and s.
18
Let w(s) = 21*s**2 - 38*s - 3. Let d be w(2). Calculate the greatest common factor of 3305 and d.
5
Let q be (20/45)/((-2)/(-9)). Suppose 2*g = 4*x + 136, -g = -5*x + q*x - 66. Calculate the highest common factor of g and 48.
24
Let z = 1184 - 626. Let l = z - 330. Calculate the greatest common divisor of l and 12.
12
Suppose 773 = 3*w + 5*w + 517. Calculate the greatest common factor of 53472 and w.
32
Suppose -347 = 15*o - 10532. Let v = o + -619. Calculate the highest common divisor of 780 and v.
60
Suppose -4*i - 588 = 4*t, -3*t - 318 = 2*i - 7*t. Let m = 95 + i. Let h = m - -81. Calculate the highest common factor of 275 and h.
25
Let z(g) = -g + 32. Let j be z(12). Suppose -575 = 4*r + 237. Let m = r - -215. Calculate the highest common divisor of j and m.
4
Suppose 0 = 22*w - 23*w - 6. Let d be -5 - ((-21)/(-63) + 320/w). Calculate the highest common divisor of d and 30.
6
Suppose 20 = -7*o + 2*o. Suppose 17 = -8*f + 1. Let r be (f/(-4))/(o/(-104)). Calculate the highest common divisor of 65 and r.
13
Suppose -5*m - 4*l + 2804 = 0, -m - l + 86 = -474. Suppose -m = -10*x - 334. What is the greatest common divisor of 207 and x?
23
Let n = 43 - 41. Let w be (-3)/1 - (-104)/1. Suppose -n = -s, -s = -5*f + s + w. What is the greatest common divisor of f and 168?
21
Let o be (-4)/((-28)/21) - 238. Let t = o - -331. Calculate the greatest common divisor of 40 and t.
8
Let l = -15 - -30. Suppose -v + 4*x - x + 3 = 0, 5*v - l = x. Let b be 20/3*v/2*2. What is the greatest common factor of b and 5?
5
Let s = -2077 - -2852. What is the highest common factor of 200 and s?
25
Let j(b) = 5*b**2 - 4*b - 3. Let w be j(2). Let q = 126 - 99. Calculate the highest common factor of w and q.
9
Let z(o) = -20*o**2 + 452*o + 195. Let i be z(23). Calculate the greatest common divisor of i and 22759.
11
Suppose 7438*p + 24174 - 145282 = 7425*p. What is the highest common divisor of 34 and p?
34
Suppose 362*h = 279*h + 1660. What is the greatest common factor of h and 3400?
20
Let h(j) = 31*j**3 - j**2 + 5*j + 5. Let s be h(-2). Let d = s - -264. Suppose -3*b - 22 + 64 = 0. What is the highest common factor of b and d?
7
Let q(z) = 12*z + 45. Let j be q(5). Let o = j + -85. Let t be 128/5 + o/50. Calculate the highest common divisor of t and 65.
13
Let a = 14715 + -14623. What is the highest common factor of a and 10?
2
Suppose -4*w = -22*w + 349 + 2783. What is the greatest common factor of 13659 and w?
87
Suppose -4*y - 2*q + 1916 = 0, 3*q + 3133 = 4*y + 1207. Calculate the highest common divisor of y and 390.
30
Let p(o) = 19*o - 8*o - 2*o - 6*o. Let a be p(2). Suppose 0 = -4*c - a + 66. Calculate the greatest common factor of c and 75.
15
Let g(y) = 60*y. Let n be g(6). Suppose n = l + 9*l. Calculate the greatest common factor of l and 45.
9
Let j be ((-22)/(-5))/(2/200). Let q = j - 435. Let i(z) = 12*z**2 + 2*z + 1. Let y be i(-2). Calculate the greatest common factor of q and y.
5
Let v = 26349 + -26139. Let f = -56 + 98. Calculate the greatest common divisor of v and f.
42
Suppose 23259 = -75*o + 915759. Calculate the greatest common factor of o and 85.
85
Let t = 8728 - 7638. Calculate the greatest common divisor of 10 and t.
10
Suppose 4*c = -3*c + 665. Suppose 0 = -s - 164 - c. Let v = -171 - s. Calculate the highest common factor of v and 44.
44
Suppose 8*v + 36176 = 36624. What is the highest common factor of v and 44?
4
Suppose -4*o = 20*o - 34*o + 29890. What is the highest common divisor of o and 98?
49
Let r(o) = 27*o**2 + o + 2. Let f be r(-1). Suppose 10*w = 14*w - f. Suppose -g + 11 = w. What is the highest common divisor of 44 and g?
4
Let r be ((-36)/24)/(6/(-16)). Suppose 2*q + r = -4*x, 2*q + 3 = -7*x + 4*x. Suppose -3*p = -q*p - 528. Calculate the highest common divisor of p and 16.
16
Suppose -367*k + 48032 = -88907 - 468611. Calculate the highest common factor of k and 1430.
110
Suppose 2*v = 3 + 17. Suppose 20*m + 262 = -18. Let h be (-8)/(-6)*((-5775)/m)/11. Calculate the highest common divisor of h and v.
10
Suppose -4*z - 3*j + 79 = -3*z, 5*j = -2*z + 159. What is the highest common divisor of 13366 and z?
82
Let o be -1 + 3 + (-6)/(-1). Suppose g + n - 290 = 4*g, -296 = 3*g - 4*n. Let c be g/(-10)*820/123. Calculate the highest common factor of c and o.
8
Let m = 13403 - 13304. Suppose 0 = -3*l + 33 + 33. Calculate the highest common divisor of m and l.
11
Suppose 12350 = -11*z + 36*z. What is the highest common divisor of 65 and z?
13
Suppose -9 = 3*x - 3, z - 4*x = 376. Calculate the highest common factor of z and 621.
23
Suppose -113*t + 112*t - a - 608 = 0, 0 = 4*a. Let p = t + 1256. Calculate the highest common factor of 16 and p.
8
Let x be (-2)/(-7) + (-9098)/(-7) + 5. Calculate the greatest common divisor of x and 405.
45
Let a = -16 + 19. Let w(s) = s**2 - 9*s + 23. Let i be w(4). Calculate the highest common factor of a and i.
3
Let x = 59 - 11. Suppose 158*z + 213*z - 5916 = -122*z. Calculate the greatest common factor of z and x.
12
Suppose -341*l + 247*l + 5358 = 0. Calculate the greatest common divisor of l and 35112.
57
Let c = -60 + -6. Let d(b) = 2*b**2 - 2*b + 26. Let q be d(7). Let s = q + c. What is the greatest common divisor of s and 4?
4
Suppose 4*d = 250 + 34. Let q = -53 + d. Let s(w) = -w**3 + 5*w**2 - 3*w + 2. Let r be s(4). What is the greatest common divisor of r and q?
6
Let q(k) be the first derivative of 55*k**3/3 + 3*k**2/2 + 5*k - 157. Let p be q(-1). Calculate the greatest common factor of 247 and p.
19
Let l = 16607 + -16577. Calculate the greatest common factor of 5685 and l.
15
Let t(f) = 3*f + 88. Let m(h) = 4*h + 86. Let b(g) = -6*m(g) + 7*t(g). Let w be b(31). Calculate the highest common factor of 35 and w.
7
Let y = 324 - 294. Suppose 22*t + 96 = y*t. Calculate the highest common divisor of 16 and t.
4
Let f = 108 + -106. Suppose h - 4*p - 160 = 0, -3*h + 5*p = -359 - 156. Suppose 0 = z + f*z - h. Calculate the greatest common divisor of z and 90.
30
Suppose -3*u + 2*u + 18 = 0. Suppose 3909 + 2211 = 68*a. What is the highest common divisor of u and a?
18
Let h = 991 - 247. What is the highest common divisor of 837 and h?
93
Let o = 2286 - 2275. Suppose 0*k + 3*k + 3*f - 261 = 0, -3 = 3*f. What is the greatest common factor of o and k?
11
Suppose 14*g = -5*g - 8*g + 3726. What is the highest common factor of g and 253?
23
Suppose -9 = 2*l - q, 2*l - q - 3*q = -18. Suppose 0 = -3*c + m - 12, 5*m - 33 = c - 15. Let h be (-2)/c*l/(-1). What is the highest common divisor of 10 and h?
2
Let s be (-390)/4*(-240)/(-150). Let i be (-84)/39 + 2 + (-16404)/s. What is the greatest common factor of 30 and i?
15
Let w(s) = -s**3 - 4*s**2 + 111*s + 1010. Let j be w(-9). Calculate the highest common factor of 480 and j.
32
Suppose 25 = 2*w - 3*x, 5*w - 30 = -10*x + 11*x. What is the greatest common factor of w and 235?
5
Let y = 5593 + -5571. Calculate the greatest common factor of 253 and 